late the highest common divisor of 27 and 206.
1
What is the highest common divisor of 1554 and 111?
111
Calculate the highest common divisor of 638 and 66.
22
What is the highest common factor of 4378 and 22?
22
What is the greatest common divisor of 144 and 64?
16
Calculate the highest common factor of 240 and 195.
15
What is the greatest common factor of 7820 and 68?
68
Calculate the greatest common factor of 83 and 1328.
83
Calculate the greatest common factor of 440 and 320.
40
Calculate the highest common divisor of 224 and 476.
28
Calculate the highest common divisor of 3953 and 59.
59
Calculate the greatest common factor of 26 and 4251.
13
What is the highest common divisor of 819 and 147?
21
What is the highest common divisor of 76 and 112?
4
Calculate the greatest common factor of 39 and 507.
39
What is the highest common factor of 20 and 44?
4
What is the highest common factor of 156 and 4953?
39
Calculate the highest common factor of 1222 and 235.
47
What is the greatest common factor of 31 and 20057?
31
Calculate the highest common factor of 44 and 121.
11
Calculate the highest common divisor of 17 and 6001.
17
Calculate the highest common factor of 775 and 2925.
25
What is the highest common divisor of 108 and 9216?
36
Calculate the highest common divisor of 2813 and 29.
29
Calculate the greatest common factor of 158 and 2449.
79
Calculate the greatest common factor of 3 and 11.
1
Calculate the greatest common factor of 14 and 301.
7
Calculate the highest common factor of 8 and 1208.
8
Calculate the highest common factor of 182 and 13923.
91
Calculate the highest common factor of 12 and 54.
6
What is the greatest common divisor of 2035 and 55?
55
Calculate the greatest common factor of 330 and 105.
15
Calculate the highest common factor of 69454 and 121.
121
Calculate the highest common divisor of 456 and 1083.
57
What is the highest common factor of 1278 and 2272?
142
Calculate the highest common factor of 232 and 609.
29
What is the greatest common divisor of 333 and 703?
37
What is the highest common factor of 1057 and 7?
7
Calculate the highest common factor of 20 and 220.
20
Calculate the greatest common factor of 78 and 27.
3
What is the greatest common factor of 55 and 59?
1
Calculate the highest common divisor of 62 and 341.
31
Calculate the greatest common factor of 296 and 24.
8
Calculate the greatest common factor of 1917 and 117.
9
What is the highest common factor of 4 and 124?
4
What is the greatest common divisor of 1986 and 6?
6
Calculate the highest common factor of 579 and 4825.
193
Calculate the highest common factor of 153 and 238.
17
Calculate the highest common divisor of 1020 and 40.
20
What is the greatest common divisor of 70 and 224?
14
Calculate the highest common divisor of 100 and 220.
20
Calculate the greatest common factor of 63 and 2688.
21
What is the greatest common divisor of 84 and 378?
42
What is the greatest common divisor of 9 and 11523?
3
Calculate the greatest common divisor of 735 and 35.
35
What is the highest common factor of 7 and 8981?
7
Calculate the highest common divisor of 18 and 4113.
9
Calculate the greatest common divisor of 66 and 2134.
22
What is the highest common divisor of 36 and 24?
12
Calculate the highest common factor of 62 and 2666.
62
Calculate the highest common divisor of 3498 and 66.
66
What is the greatest common factor of 2166 and 12?
6
Calculate the greatest common divisor of 28 and 42.
14
What is the highest common divisor of 105 and 18025?
35
Calculate the highest common divisor of 10841 and 37.
37
Calculate the highest common divisor of 70 and 7630.
70
Calculate the greatest common divisor of 1691 and 19.
19
Calculate the greatest common divisor of 2 and 2.
2
Calculate the greatest common divisor of 41 and 328.
41
Calculate the greatest common factor of 10 and 10.
10
Calculate the highest common factor of 3936 and 96.
96
What is the greatest common divisor of 130 and 10?
10
What is the highest common factor of 87 and 8?
1
What is the greatest common divisor of 1218 and 91?
7
What is the highest common divisor of 111 and 2775?
111
Calculate the highest common divisor of 9812 and 88.
44
Calculate the highest common factor of 1440 and 90.
90
Calculate the highest common factor of 1092 and 868.
28
Calculate the highest common divisor of 2167 and 11.
11
Calculate the highest common divisor of 776 and 4268.
388
Calculate the highest common divisor of 96 and 20568.
24
Calculate the highest common divisor of 160 and 20.
20
What is the greatest common factor of 12 and 1656?
12
What is the highest common divisor of 42 and 390?
6
What is the highest common divisor of 28 and 56?
28
What is the highest common divisor of 10 and 246?
2
Calculate the highest common divisor of 5 and 7.
1
What is the highest common factor of 26 and 3887?
13
Calculate the greatest common divisor of 611 and 329.
47
What is the highest common divisor of 180 and 3120?
60
What is the highest common factor of 39 and 26?
13
Calculate the greatest common divisor of 1 and 23.
1
What is the greatest common factor of 35 and 455?
35
What is the highest common divisor of 918 and 189?
27
Calculate the greatest common factor of 29263 and 13.
13
What is the greatest common divisor of 72 and 72?
72
What is the greatest common divisor of 32 and 11200?
32
Calculate the highest common divisor of 25 and 600.
25
What is the greatest common divisor of 36 and 117?
9
What is the greatest common divisor of 92 and 851?
23
What is the greatest common divisor of 68 and 544?
68
What is the greatest common factor of 3 and 1609?
1
Calculate the greatest common divisor of 1975 and 50.
25
What is the highest common divisor of 37 and 3?
1
Calculate the greatest common divisor of 81 and 441.
9
Calculate the greatest common factor of 270 and 297.
27
Calculate the highest common divisor of 5 and 5.
5
Calculate the highest common divisor of 9 and 3.
3
What is the highest common factor of 80 and 64?
16
What is the greatest common factor of 129 and 6?
3
What is the highest common factor of 114 and 342?
114
Calculate the highest common factor of 2747 and 41.
41
Calculate the greatest common factor of 2373 and 21.
21
What is the greatest common factor of 364 and 104?
52
What is the greatest common divisor of 1870 and 34?
34
Calculate the highest common factor of 72 and 144.
72
Calculate the greatest common divisor of 48 and 400.
16
Calculate the highest common divisor of 858 and 312.
78
Calculate the greatest common factor of 2568 and 32.
8
What is the greatest common factor of 32 and 544?
32
What is the greatest common factor of 594 and 33?
33
What is the greatest common divisor of 8 and 672?
8
What is the greatest common factor of 884 and 208?
52
Calculate the highest common factor of 85 and 68.
17
What is the greatest common divisor of 13 and 494?
13
Calculate the highest common divisor of 8917 and 241.
241
Calculate the highest common factor of 342 and 27702.
342
Calculate the highest common factor of 7367 and 106.
53
Calculate the greatest common factor of 351 and 39.
39
Calculate the greatest common divisor of 104 and 676.
52
Calculate the highest common factor of 493 and 289.
17
What is the highest common factor of 13 and 3757?
13
Calculate the highest common factor of 567 and 126.
63
Calculate the highest common divisor of 88 and 154.
22
What is the highest common factor of 74 and 6142?
74
What is the highest common divisor of 4161 and 342?
57
Calculate the greatest common divisor of 72 and 8136.
72
What is the highest common divisor of 60 and 27380?
20
What is the greatest common divisor of 202 and 303?
101
What is the highest common factor of 972 and 432?
108
Calculate the greatest common factor of 162 and 13851.
81
Calculate the greatest common factor of 610 and 20.
10
What is the highest common factor of 267 and 79032?
267
What is the highest common divisor of 6384 and 63?
21
Calculate the greatest common factor of 25761 and 93.
93
What is the highest common divisor of 11 and 418?
11
What is the highest common divisor of 611 and 13?
13
What is the highest common divisor of 2390 and 10?
10
What is the highest common divisor of 18 and 522?
18
What is the highest common divisor of 15 and 345?
15
What is the greatest comm